highest common divisor of 375 and 1682925.
75
What is the greatest common factor of 21430352 and 256?
16
What is the greatest common factor of 2442 and 814?
814
What is the greatest common divisor of 33 and 54705574?
11
What is the greatest common divisor of 113472 and 66240?
576
Calculate the highest common factor of 724 and 7099932.
4
What is the greatest common factor of 6344030 and 1220?
10
What is the greatest common factor of 1515272 and 26356?
44
Calculate the greatest common divisor of 66913642 and 9542.
734
Calculate the greatest common divisor of 65585 and 455059.
1009
Calculate the greatest common factor of 1419 and 9022131.
129
Calculate the greatest common factor of 106 and 830387.
1
What is the greatest common divisor of 3144852 and 58016?
148
What is the highest common factor of 14561109 and 1845?
369
What is the greatest common factor of 599849652 and 12?
12
What is the greatest common divisor of 16 and 34213994?
2
What is the highest common factor of 5557058 and 2?
2
Calculate the highest common divisor of 114 and 12176321.
19
What is the highest common divisor of 13450682 and 28?
14
What is the greatest common divisor of 43366181 and 549?
61
Calculate the highest common divisor of 15 and 836445.
15
What is the highest common divisor of 536565677 and 47?
47
Calculate the greatest common divisor of 1011 and 17056581.
1011
What is the highest common factor of 462657 and 78?
39
What is the greatest common divisor of 36589 and 17521?
7
What is the greatest common divisor of 1564 and 9900350?
46
Calculate the greatest common factor of 545594148 and 10406.
946
What is the greatest common factor of 6 and 19704358?
2
What is the greatest common factor of 188 and 26630576?
188
What is the greatest common factor of 4113744 and 20?
4
What is the greatest common divisor of 16976 and 1143232?
16
Calculate the highest common divisor of 17018 and 262763.
127
What is the highest common factor of 123 and 1346106957?
123
Calculate the highest common factor of 60795 and 398797830.
8685
Calculate the highest common factor of 6847 and 27060.
41
Calculate the greatest common divisor of 48794280 and 59280.
2280
What is the greatest common divisor of 3157285 and 710?
5
Calculate the highest common divisor of 16313 and 792737.
11
What is the highest common factor of 31867438 and 11598?
3866
Calculate the greatest common divisor of 67721988 and 592.
148
What is the greatest common factor of 162 and 19279566?
54
Calculate the highest common factor of 1887 and 84619.
37
Calculate the greatest common divisor of 261675 and 333.
9
What is the greatest common divisor of 9600 and 401550?
150
Calculate the highest common divisor of 75 and 879987.
3
Calculate the greatest common factor of 8065788 and 6.
6
What is the highest common divisor of 7674 and 1173126938?
2558
Calculate the greatest common divisor of 190354760 and 2056.
2056
Calculate the highest common divisor of 171800134 and 2585.
517
What is the greatest common divisor of 3380 and 23928710?
1690
What is the greatest common factor of 945 and 18250645?
35
Calculate the greatest common divisor of 952403 and 94486.
397
Calculate the highest common factor of 19889232 and 152900.
6116
What is the greatest common divisor of 1356 and 5763?
339
What is the highest common factor of 14453096 and 6344?
488
What is the greatest common factor of 928532 and 3196?
188
Calculate the highest common factor of 22020222 and 2424.
606
What is the highest common factor of 124 and 106653268?
124
Calculate the highest common divisor of 936 and 36736.
8
What is the highest common factor of 1224336 and 324?
12
Calculate the highest common factor of 1811958 and 30.
6
Calculate the highest common factor of 862546 and 2530.
46
What is the highest common divisor of 9176 and 771776?
248
What is the highest common divisor of 1958243 and 1357?
23
What is the highest common divisor of 80 and 739119680?
80
Calculate the greatest common divisor of 483604 and 638.
638
Calculate the highest common divisor of 373832 and 669407.
563
Calculate the highest common factor of 1489 and 2128759273.
1489
Calculate the highest common factor of 66089236 and 3824.
956
What is the highest common divisor of 8 and 35435116?
4
What is the highest common factor of 39174870 and 28?
14
What is the greatest common factor of 1280 and 11928640?
320
What is the highest common factor of 732467865 and 51?
51
Calculate the greatest common factor of 662232 and 64616.
328
Calculate the greatest common factor of 19 and 93866099.
19
Calculate the highest common divisor of 60 and 671595.
15
Calculate the highest common factor of 4902 and 16679967.
57
Calculate the greatest common factor of 1464267 and 202713.
1029
What is the highest common factor of 620412 and 19434?
246
Calculate the highest common divisor of 14 and 6913725.
7
Calculate the greatest common factor of 155980362 and 4986.
1662
Calculate the greatest common factor of 65 and 407706.
13
Calculate the greatest common divisor of 571844 and 1876.
28
What is the highest common factor of 32545 and 5980?
115
What is the highest common divisor of 60 and 16642635?
15
Calculate the greatest common divisor of 918 and 6325452.
54
Calculate the greatest common factor of 754 and 952017742.
754
What is the greatest common divisor of 12970 and 34223939?
1297
Calculate the highest common factor of 1044 and 30835149.
87
Calculate the highest common factor of 17 and 519073580.
17
Calculate the greatest common factor of 20954694 and 1068.
534
What is the highest common divisor of 1 and 1834690?
1
What is the highest common factor of 6780090 and 22?
2
Calculate the greatest common divisor of 50167 and 715.
13
What is the highest common divisor of 377559 and 129402?
819
What is the greatest common divisor of 37592 and 605536?
1016
What is the highest common divisor of 102940344 and 2340?
468
Calculate the greatest common factor of 814363001 and 1597.
1597
What is the highest common factor of 160 and 179063680?
160
What is the highest common divisor of 1944 and 12407052?
12
What is the highest common divisor of 18763 and 19880369?
647
Calculate the highest common divisor of 3547962 and 12606.
66
Calculate the greatest common factor of 5 and 9913725.
5
What is the greatest common divisor of 42280 and 4901460?
3020
What is the greatest common factor of 7 and 12701570?
7
Calculate the highest common factor of 3100 and 6878260.
20
Calculate the highest common factor of 568 and 68117542.
142
Calculate the highest common divisor of 20 and 14951855.
5
Calculate the highest common divisor of 249 and 513723.
3
Calculate the greatest common factor of 625800615 and 165.
165
What is the greatest common factor of 45 and 220025655?
45
Calculate the highest common factor of 20080 and 548540.
20
What is the highest common factor of 29496 and 12328?
8
What is the highest common factor of 127346 and 10496?
82
What is the highest common factor of 1272875 and 25757?
599
Calculate the greatest common divisor of 18 and 99866472.
6
What is the greatest common divisor of 9 and 1257574?
1
What is the highest common factor of 21328696 and 8?
8
What is the greatest common divisor of 49036 and 3730232?
92
What is the greatest common factor of 21 and 471525?
3
What is the greatest common factor of 272337172 and 46414?
2018
What is the greatest common factor of 14917968 and 288?
144
What is the highest common factor of 57404 and 383522?
226
What is the greatest common factor of 1297273645 and 1502?
751
What is the greatest common divisor of 29354517 and 2853?
2853
Calculate the greatest common divisor of 15 and 78879747.
3
What is the highest common divisor of 19943 and 4139597?
2849
What is the greatest common factor of 11999280 and 346?
346
What is the greatest common divisor of 581818 and 368562?
2318
What is the highest common divisor of 15061592 and 104?
104
What is the greatest common factor of 101465 and 1205984?
2899
What is the greatest common factor of 3289 and 153163049?
299
What is the greatest common divisor of 202455 and 373560?
165
What is the highest common divisor of 40 and 6046190?
10
Calculate the highest common divisor of 1014532 and 122.
2
Calculate the greatest common factor of 475 and 1228911925.
475
Calculate the greatest common